{"id":404,"date":"2015-03-29T15:51:30","date_gmt":"2015-03-29T15:51:30","guid":{"rendered":"http:\/\/sppt.ro\/?page_id=404"},"modified":"2015-04-06T14:15:51","modified_gmt":"2015-04-06T14:15:51","slug":"revista-nr-91-92","status":"publish","type":"page","link":"http:\/\/sppt.ro\/?page_id=404","title":{"rendered":"Revista Nr. 91-92"},"content":{"rendered":"<p>Revista Protectia Plantelor Nr. 91-92<\/p>\n<div id=\"revimage\">\n<a href=\"http:\/\/sppt.ro\/wp-content\/uploads\/2014\/06\/cop91-92-e1427639852404.jpg\"><img decoding=\"async\" loading=\"lazy\" class=\"alignnone wp-image-339 size-full\" src=\"http:\/\/sppt.ro\/wp-content\/uploads\/2014\/06\/cop91-92-e1427639852404.jpg\" alt=\"cop91-92\" width=\"150\" height=\"207\" \/><\/a>\n<\/div>\n<div id=\"revblock\">\n<a href=\"http:\/\/sppt.ro\/wp-content\/uploads\/2015\/03\/Rev-PP-nr-91-92_1.pdf\">1. Manifestarea patogenilor vegetali ai cartofului \u00een Transilvania \u00een condi\u0163iile evolu\u0163iei factorilor abiotici &#8211; rezumat tez\u0103 de doctorat<\/a><br \/>\nFLE\u015eERIU Sergiu Andrei<\/p>\n<p><a href=\"http:\/\/sppt.ro\/wp-content\/uploads\/2015\/03\/Rev-PP-nr-91-92_2.pdf\">2. Cercet\u0103ri privind protec\u0163ia integrat\u0103 a planta\u0163iilor de prun \u00eempotriva bolilor infec\u0163ioase- rezumat tez\u0103 de doctorat<\/a><br \/>\nSTANA Marius Dragomir<\/p>\n<p><a href=\"http:\/\/sppt.ro\/wp-content\/uploads\/2015\/03\/Rev-PP-nr-91-92_3.pdf\">3. Cercet\u0103ri privind interdependen\u0163a \u00eentre fertilizare \u015fi asigurarea vigorii \u015fi a protec\u0163iei \u00eempotriva f\u0103in\u0103rii a puie\u0163ilor de gorun (<em>Quercus petraea<\/em>) \u00een pepinierele silvice &#8211; rezumat tez\u0103 de doctorat<\/a><br \/>\nMAN Sabin Rare\u015f\n<\/div>\n","protected":false},"excerpt":{"rendered":"<p>Revista Protectia Plantelor Nr. 91-92 1. Manifestarea patogenilor vegetali ai cartofului \u00een Transilvania \u00een condi\u0163iile evolu\u0163iei factorilor abiotici &#8211; rezumat tez\u0103 de doctorat FLE\u015eERIU Sergiu Andrei 2. Cercet\u0103ri privind protec\u0163ia integrat\u0103 a planta\u0163iilor de prun \u00eempotriva bolilor infec\u0163ioase- rezumat tez\u0103 de doctorat STANA Marius Dragomir 3. Cercet\u0103ri privind interdependen\u0163a \u00eentre fertilizare \u015fi asigurarea vigorii \u015fi [&hellip;]<\/p>\n","protected":false},"author":1,"featured_media":0,"parent":0,"menu_order":0,"comment_status":"open","ping_status":"open","template":"revista.php","meta":{"ngg_post_thumbnail":0,"footnotes":""},"_links":{"self":[{"href":"http:\/\/sppt.ro\/index.php?rest_route=\/wp\/v2\/pages\/404"}],"collection":[{"href":"http:\/\/sppt.ro\/index.php?rest_route=\/wp\/v2\/pages"}],"about":[{"href":"http:\/\/sppt.ro\/index.php?rest_route=\/wp\/v2\/types\/page"}],"author":[{"embeddable":true,"href":"http:\/\/sppt.ro\/index.php?rest_route=\/wp\/v2\/users\/1"}],"replies":[{"embeddable":true,"href":"http:\/\/sppt.ro\/index.php?rest_route=%2Fwp%2Fv2%2Fcomments&post=404"}],"version-history":[{"count":6,"href":"http:\/\/sppt.ro\/index.php?rest_route=\/wp\/v2\/pages\/404\/revisions"}],"predecessor-version":[{"id":487,"href":"http:\/\/sppt.ro\/index.php?rest_route=\/wp\/v2\/pages\/404\/revisions\/487"}],"wp:attachment":[{"href":"http:\/\/sppt.ro\/index.php?rest_route=%2Fwp%2Fv2%2Fmedia&parent=404"}],"curies":[{"name":"wp","href":"https:\/\/api.w.org\/{rel}","templated":true}]}}